65603 a composite number?
True
Is 1101 composite?
True
Is 37279 a composite number?
True
Is 157453 composite?
True
Is 3943009 a composite number?
True
Is 1478063 composite?
False
Is 74489 composite?
False
Is 126631 composite?
False
Is 184435 composite?
True
Is 50943 composite?
True
Is 15937 a prime number?
True
Is 13117 a prime number?
False
Is 5737 a prime number?
True
Is 390209 prime?
True
Is 6209 a prime number?
False
Is 19451 a composite number?
True
Is 8651 prime?
False
Is 1767907 a composite number?
False
Is 93301 a composite number?
True
Is 19567 prime?
False
Is 37 composite?
False
Is 32141 a prime number?
True
Is 2777 a prime number?
True
Is 736787 a composite number?
False
Is 24613 prime?
False
Is 19847 a prime number?
False
Is 507907 prime?
True
Is 64781 prime?
True
Is 289417 prime?
True
Is 6779 composite?
False
Is 695753 a prime number?
False
Is 547559 a prime number?
True
Is 66431 a prime number?
True
Is 58129 a prime number?
True
Is 49087 a composite number?
True
Is 8623 a composite number?
False
Is 7509 composite?
True
Is 69769 prime?
False
Is 938761 a prime number?
True
Is 631 prime?
True
Is 46393 a prime number?
False
Is 5603 composite?
True
Is 148315 a prime number?
False
Is 2309 a composite number?
False
Is 122411 composite?
True
Is 194443 a composite number?
False
Is 3974 prime?
False
Is 158071 a prime number?
True
Is 40191 a prime number?
False
Is 10583 prime?
False
Is 383767 a prime number?
True
Is 80609 prime?
False
Is 158293 composite?
False
Is 44167 composite?
True
Is 59089 a prime number?
False
Is 183283 a composite number?
False
Is 2889623 composite?
True
Is 2911 composite?
True
Is 74653 a prime number?
True
Is 359237 composite?
True
Is 7647 a prime number?
False
Is 1189 prime?
False
Is 19373 composite?
False
Is 581243 prime?
False
Is 65363 prime?
False
Is 19907 a prime number?
False
Is 28913 composite?
True
Is 23513 a composite number?
True
Is 11179 a prime number?
False
Is 53254 a prime number?
False
Is 187043 composite?
False
Is 7801 prime?
False
Is 142529 a prime number?
True
Is 195103 a prime number?
True
Is 3359 a prime number?
True
Is 18119 a prime number?
True
Is 1006111 a composite number?
True
Is 495821 prime?
True
Is 6209 composite?
True
Is 319461 composite?
True
Is 14591 a prime number?
True
Is 60589 a composite number?
False
Is 20627 prime?
True
Is 3065 a composite number?
True
Is 783905 composite?
True
Is 521 a composite number?
False
Is 2609 a composite number?
False
Is 1513 a composite number?
True
Is 10427 a prime number?
True
Is 12262 composite?
True
Is 90469 a composite number?
False
Is 16489 prime?
False
Is 232219 prime?
False
Is 2746 prime?
False
Is 476747 a prime number?
False
Is 107391 prime?
False
Is 42101 a composite number?
False
Is 2070737 a composite number?
False
Is 201911 composite?
False
Is 19661 prime?
True
Is 39703 prime?
True
Is 121883 composite?
False
Is 166777 a composite number?
True
Is 63113 a composite number?
False
Is 200699 composite?
False
Is 592121 composite?
False
Is 247547 prime?
True
Is 41467 prime?
True
Is 208918 prime?
False
Is 99961 a composite number?
False
Is 1143719 composite?
False
Is 12739 a prime number?
True
Is 39965 a prime number?
False
Is 1048123 prime?
True
Is 22531 a composite number?
False
Is 76341 composite?
True
Is 679387 a prime number?
False
Is 271627 composite?
True
Is 118 prime?
False
Is 142711 a prime number?
True
Is 744037 composite?
True
Is 2326751 prime?
False
Is 228439 a composite number?
True
Is 481769 composite?
False
Is 9773 composite?
True
Is 14681 a prime number?
False
Is 51691 composite?
False
Is 129443 composite?
False
Is 334307 composite?
True
Is 43517 composite?
False
Is 20621 prime?
False
Is 200819 prime?
False
Is 24593 a prime number?
True
Is 11589 composite?
True
Is 14397 a prime number?
False
Is 2935 composite?
True
Is 97259 prime?
True
Is 37441 a prime number?
True
Is 661529 a prime number?
False
Is 763822 a prime number?
False
Is 10667 a composite number?
False
Is 561829 composite?
False
Is 51293 composite?
True
Is 52653 prime?
False
Is 5353 a composite number?
True
Is 14281 composite?
False
Is 211409 a composite number?
True
Is 95783 a prime number?
True
Is 9997 composite?
True
Is 3712127 composite?
False
Is 1787783 composite?
False
Is 3967 prime?
True
Is 19289 a composite number?
False
Is 53989 a prime number?
False
Is 6709 a prime number?
True
Is 10183 composite?
True
Is 846259 a prime number?
True
Is 1172657 prime?
True
Is 387235 a prime number?
False
Is 1085241 a prime number?
False
Is 7427 a prime number?
False
Is 231113 prime?
False
Is 132989 a composite number?
False
Is 6007 composite?
False
Is 1931 a composite number?
False
Is 16557 a composite number?
True
Is 98671 a composite number?
True
Is 14507 prime?
False
Is 125401 a prime number?
False
Is 6449 prime?
True
Is 25219 a composite number?
False
Is 2201 a prime number?
False
Is 2550601 a prime number?
True
Is 13259 a composite number?
False
Is 1113202 prime?
False
Is 5539 a composite number?
True
Is 14659 composite?
True
Is 10198 a prime number?
False
Is 107021 a prime number?
True
Is 26399 a prime number?
True
Is 346843 a composite number?
True
Is 621455 a composite number?
True
Is 11335 a composite number?
True
Is 1361 prime?
True
Is 17821 prime?
False
Is 162971 a composite number?
False
Is 3043 prime?
False
Is 93271 a prime number?
False
Is 7427 a prime number?
False
Is 21971 prime?
False
Is 2021905 a prime number?
False
Is 103043 a composite number?
False
Is 924533 a prime number?
False
Is 65063 composite?
False
Is 4711 prime?
False
Is 44293 a prime number?
True
Is 251773 a prime number?
False
Is 73907 prime?
True
Is 1112141 a prime number?
True
Is 14461 composite?
False
Is 6005 prime?
False
Is 9311 a prime number?
True
Is 132781 prime?
False
Is 31793 a prime number?
True
Is 1642 a composite number?
True
Is 6101 prime?
True
Is 3571 a composite number?
False
Is 28277 prime?
True
Is 620029 prime?
True
Is 16033 a composite number?
False
Is 53401 composite?
False
Is 301611 composite?
True
Is 2233186 a composite number?
True
Is 1042863 prime?
False
Is 91673 composite?
False
Is 83059 composite?
False
Is 1619 a composite number?
False
Is 142097 a composite number?
False
Is 57747 a composite number?
True
Is 6913 a composite number?
True
Is 96893 a prime number?
True
Is 168937 composite?
False
Is 440807 a composite number?
False
Is 8191 a prime number?
True
Is 184409 a prime number?
True
Is 37543 prime?
False
Is 70769 a composite number?
False
Is 1409 a composite number?
False
Is 562007 composite?
False
Is 67 a prime number?
True
Is 14437 prime?
True
Is 78278 composite?
True
Is 797 a prime number?
True
Is 1757 composite?
True
Is 712798 composite?
True
Is 130757 composite?
True
Is 124309 composite?
False
Is 29371 composite?
True
Is 157969 a prime number?
False
Is 646717 a prime number?
False
Is 458581 a composite number?
True
Is 479249 composite?
True
Is 123 a composite number?
True
Is 5919 a composite number?
True
Is 26227 composite?
False
Is 10487 composite?
False
Is 2057047 prime?
True
Is 2929 prime?
False
Is 18173 composite?
True
Is 15899 composite?
True
Is 2179 prime?
True
Is 296187 composite?
True
Is 43009 prime?
False
Is 1119381 prime?
False
Is 414383 a composite number?
False
Is 21961 a prime number?
True
Is 114647 composite?
True
Is 745559 prime?
False
Is 965047 prime?
True
Is 38803 a prime number?
True
Is 1751551 a prime number?
True
Is 8311 composite?
False
Is 88099 composite?
True
Is 1763 composite?
True
Is 1169 composite?
True
Is 3491 prime?
True
Is 65413 composite?
False
Is 19501 prime?
True
Is 4427 a prime number?
False
Is 143719 prime?
True
Is 77627 a prime number?
False
Is 516381 prime?
False
Is 241291 prime?
True
Is 148937 a composite number?
True
Is 286193 a composite number?
True
Is 788521 a prime number?
True
Is 17113115 a prime number?
False
Is 643847 prime?
True
Is 127111 prime?
False
Is 5381 a prime number?
True
Is 6469 composite?
False
Is 7147621 a prime number?
False
Is 145045 a composite number?
True
Is 114113 prime?
True
Is 1355493 composite?
True
Is 243937 a composite number?
True
Is 537331 a composite number?
False
Is 64849 prime?
True
Is 11519 a composite number?
False
Is 35831 a composite number?
False
Is 55291 a composite number?
False
Is 